{"id":110,"date":"2021-10-19T12:07:45","date_gmt":"2021-10-19T12:07:45","guid":{"rendered":"https:\/\/rockforum-nottuln.de\/?page_id=110"},"modified":"2024-04-20T20:28:45","modified_gmt":"2024-04-20T20:28:45","slug":"kontakt","status":"publish","type":"page","link":"https:\/\/rockforum-nottuln.de\/?page_id=110","title":{"rendered":"Kontakt"},"content":{"rendered":"\n<p><\/p>\n\n\n\n<p>Rockforum Nottuln<\/p>\n\n\n\n<p>+++  Klaus Lipper +++ Robert H\u00fclsbusch +++ Klaus M\u00f6llers +++<br><\/p>\n\n\n\n<figure class=\"wp-block-image size-full is-resized\"><a href=\"https:\/\/rockforum-nottuln.de\/wp-content\/uploads\/2021\/10\/3DJ.jpg\"><img decoding=\"async\" loading=\"lazy\" width=\"921\" height=\"462\" src=\"https:\/\/rockforum-nottuln.de\/wp-content\/uploads\/2021\/10\/3DJ.jpg\" alt=\"\" class=\"wp-image-174\" style=\"width:461px;height:231px\" srcset=\"https:\/\/rockforum-nottuln.de\/wp-content\/uploads\/2021\/10\/3DJ.jpg 921w, https:\/\/rockforum-nottuln.de\/wp-content\/uploads\/2021\/10\/3DJ-300x150.jpg 300w, https:\/\/rockforum-nottuln.de\/wp-content\/uploads\/2021\/10\/3DJ-768x385.jpg 768w\" sizes=\"(max-width: 767px) 89vw, (max-width: 1000px) 54vw, (max-width: 1071px) 543px, 580px\" \/><\/a><\/figure>\n\n\n\n<p>Tel. 02502-9754<\/p>\n\n\n\n<p><\/p>\n\n\n\n<p><\/p>\n\n\n\n<p>Mail: klaus.lipper@gmx.de    <\/p>\n\n\n\n<p><strong><a target=\"_blank\" href=\"http:\/\/www.facebook.com\/RockforumNottuln\" rel=\"noreferrer noopener\">Rockforum Nottuln&nbsp;&nbsp;&nbsp; Facebook<\/a><\/strong>&nbsp;&nbsp;<\/p>\n\n\n\n<p><\/p>\n\n\n\n<p>Pers\u00f6nliche Einladung zur Rocknacht \u00fcber Newsletter?<br>Mail an      klaus.lipper@gmx.de <\/p>\n","protected":false},"excerpt":{"rendered":"<p>Rockforum Nottuln +++ Klaus Lipper +++ Robert H\u00fclsbusch +++ Klaus M\u00f6llers +++ Tel. 02502-9754 Mail: klaus.lipper@gmx.de Rockforum Nottuln&nbsp;&nbsp;&nbsp; Facebook&nbsp;&nbsp; Pers\u00f6nliche Einladung zur Rocknacht \u00fcber Newsletter?Mail an klaus.lipper@gmx.de<\/p>\n","protected":false},"author":1,"featured_media":0,"parent":0,"menu_order":0,"comment_status":"closed","ping_status":"closed","template":"","meta":{"footnotes":""},"_links":{"self":[{"href":"https:\/\/rockforum-nottuln.de\/index.php?rest_route=\/wp\/v2\/pages\/110"}],"collection":[{"href":"https:\/\/rockforum-nottuln.de\/index.php?rest_route=\/wp\/v2\/pages"}],"about":[{"href":"https:\/\/rockforum-nottuln.de\/index.php?rest_route=\/wp\/v2\/types\/page"}],"author":[{"embeddable":true,"href":"https:\/\/rockforum-nottuln.de\/index.php?rest_route=\/wp\/v2\/users\/1"}],"replies":[{"embeddable":true,"href":"https:\/\/rockforum-nottuln.de\/index.php?rest_route=%2Fwp%2Fv2%2Fcomments&post=110"}],"version-history":[{"count":16,"href":"https:\/\/rockforum-nottuln.de\/index.php?rest_route=\/wp\/v2\/pages\/110\/revisions"}],"predecessor-version":[{"id":334,"href":"https:\/\/rockforum-nottuln.de\/index.php?rest_route=\/wp\/v2\/pages\/110\/revisions\/334"}],"wp:attachment":[{"href":"https:\/\/rockforum-nottuln.de\/index.php?rest_route=%2Fwp%2Fv2%2Fmedia&parent=110"}],"curies":[{"name":"wp","href":"https:\/\/api.w.org\/{rel}","templated":true}]}}